e (-26 - (-9 - 8)) + 6.
-3
5 + (-9 - 2) + 11
5
1 + 22 + 258 + -261
20
(-5 + 2 - -4) + (-18 - -10)
-7
What is (-18 - (-9 + -3 + 9)) + 7?
-8
Calculate 14 + 4 + -3 - (10 - (-3 + 18)).
20
Calculate 13 + (-5 - -3) + 0 + 3 + -6.
8
Evaluate 15 + -28 - (-5 + (5 - 2) + -3).
-8
What is the value of (-3 + 6 - 8 - (-12 + -6)) + -3?
10
What is -10 - (-4 + -6 + 3 + 2 + 4)?
-9
Calculate (-4 - -8) + -7 + (-25 - 0).
-28
(6 - (-3 + -4) - 22) + -18
-27
Evaluate 6 + -24 + (4 - ((-6 - -9) + -6)).
-11
Calculate (-2 + 2 - 1) + -32 - (-12 - -3).
-24
What is (-19 - 0) + (1 + 3 - (-84 + 83))?
-14
Calculate -3 - (14 + -9 - 8) - 11.
-11
(107 - 105) + (-6 - (18 + 4))
-26
What is the value of (-15 - (7 - 9) - -41) + -8?
20
-7 + (-1 - (7 + -10 - 0) - -2)
-3
Evaluate 25 - (29 - (-22 + 61)).
35
Evaluate -2 + 3 + 188 + -178.
11
Calculate 12 + -1 - (-66 - -52 - -3).
22
Calculate 8 + (-2 - (9 + -4)) + 0 + 9.
10
-1 + -8 - (112 - 117) - (8 + -2)
-10
Evaluate -1 - 4 - (17 + 16 + -29).
-9
What is -6 + (-37 - (9 + -28) - (-10 - 0))?
-14
Calculate -23 + 26 - (0 + 3).
0
Calculate -3 + (0 - (4 - -1) - (78 + -84)).
-2
What is 3 + -2 - (14 - 7 - (10 + -5))?
-1
Calculate (-45 + 75 - (9 + 0)) + 0.
21
Calculate (-39 + 26 - -17) + -27.
-23
What is the value of (0 - (-4 - 1) - (100 + -94)) + -12?
-13
What is (-18 - -14) + (2 - -4) - (-7 + 3)?
6
Calculate -2 + -1 + 6 + (15 - 27).
-9
Evaluate 22 + (-29 - 3) + 37 + (-1 - -5).
31
What is 4 + -7 - ((-4 - -1) + 2)?
-2
What is 13 + -17 + -10 + 27?
13
What is the value of 9 + (-13 - 8) - 0 - -6?
-6
What is the value of -67 + 56 - (1 + -7 - (0 + 45))?
40
50 + -32 + -11 + (0 - 36)
-29
Evaluate 37 + (36 - 77 - -17).
13
What is 11 + (-10 - (0 + 2)) + (4 - 1)?
2
What is the value of (-4 - (12 - (-9 - -16))) + 2?
-7
Evaluate 269 + -291 - (-5 - -2).
-19
What is 8 + (41 - 75) + 0 + 10?
-16
What is 157 - 164 - (1 + -17)?
9
What is (9 - (-4 + 10)) + -1 - 2 - 3?
-3
Evaluate 27 - 25 - (12 + (-2 - 2)).
-6
What is the value of -15 + (18 - 6) + 16?
13
What is 2 - ((-14 - -21) + -24)?
19
Calculate (-494 - -497) + (3 - -5).
11
Evaluate 32 + (-15 - 3) + -43.
-29
What is 0 - -17 - (-95 + -42 + 135)?
19
What is the value of -13 + (11 - (1 - -4)) + -4?
-11
What is the value of 11 + 3 + -43 + 43?
14
What is -8 - -1 - (-103 + 55 - -22)?
19
What is 5 - (-2 + 2 + -11 + 26)?
-10
36 + 22 + -49 + (1 + 0 - 7)
3
Calculate -2 + -16 + (-16 - 3) + 22.
-15
What is 8 + (-12 + 5 - -3) + -3 + 5?
6
Calculate (-3 - 1) + (10 - 4 - 24).
-22
What is -20 + 41 + 5 - (15 + -2)?
13
What is (-135 - -126) + (-1 - -23)?
13
What is the value of -19 - 12 - -1 - -10 - -11?
-9
What is -31 + 13 + -7 + 6 + 29 + -40?
-30
93 - 131 - (-18 - 3)
-17
-7 + 6 - 7 - -11
3
Evaluate 0 + 77 - (669 - 630).
38
Calculate (-23 + -31 - -33) + 33.
12
What is the value of 1 + (-4 - 1) + (-163 - -179)?
12
What is 7 - 13 - ((-4 - -3) + -3)?
-2
10 + (0 - (-16 + 34)) - (-31 - -1)
22
Calculate 2 + -2 - (-34 - -40) - 0.
-6
Evaluate -5 - (-2 + -13 - (276 - 288)).
-2
Evaluate 798 + -792 + (-1 + -4 - 2).
-1
What is (-25 - -13) + 28 + -5?
11
Evaluate -45 + 46 + (7 - -11).
19
Calculate (0 - 5) + (-4 - (-6 + -5)).
2
What is the value of (-260 - -256) + (1 - 0)?
-3
-18 - (17 + -19 + -5)
-11
Evaluate -16 + (-9 + 13 - -13).
1
Calculate 238 + -225 + (-2 - 11) + -3.
-3
What is (44 - 32) + -1 + (3 - 1) + -7?
6
-9 + 9 + -7 + 0 - (-1 + -18)
12
-2 + 5 + -3 + (-7 - -2) + 5
0
Evaluate 5 + -10 + 8 + -21 + 8.
-10
Evaluate (1 + -3 - 2) + -6 - (-20 + 20).
-10
What is the value of 14 - 0 - (-43 + 55)?
2
Calculate 17 + 0 - (1914 - 1895).
-2
-27 + (21 - 18 - -5)
-19
Calculate (-7 - 19) + (48 - 0).
22
Calculate 1 + (10 - 12) - -20.
19
-31 - (-76 - -2) - (-2 + 18)
27
Evaluate 10 + (-21 - -19) + (0 - -1) + 1.
10
Calculate 0 - -18 - (1 - -12 - -6).
-1
Calculate -5 + (1 + 6 - (6 - 8) - 22).
-18
What is -673 - -721 - (22 - -1)?
25
Calculate -23 + 1 + 342 + -333.
-13
Calculate (-7 - (-6 + -3 - -11)) + 1.
-8
Calculate -5 - (-8 - (0 + (-5 - 2))).
-4
Calculate -4 - (2 + 5 + -6).
-5
What is -8 + -8 - -10 - (-6 + -1 + -4)?
5
39 + -47 + (9 - 5)
-4
-21 + -10 + 8 + 11
-12
45 + (-4 + 2 - 22)
21
What is the value of (10 - 7) + (-31 + -5 - -2) + 5?
-26
Evaluate -11 + 4 + 16 - -9.
18
Evaluate (7 - (-2 + 4)) + 1.
6
Calculate 44 + -1 + (637 - 679).
1
Calculate 8 - (-8 - (-9 + 1 - -6)).
14
Evaluate 14 - (6 - 15 - -10).
13
What is -3 + 1 + (-27 - -21)?
-8
Evaluate 1 - (16 + 6 + -23 - (-1 - -4)).
5
What is -18 + (57 - (-9 - -34))?
14
166 + -176 - (-4 - 31)
25
What is the value of -11 + -1 - -21 - (-10 - 5)?
24
What is the value of 37 + (41 - 93) - (2 - -1)?
-18
Evaluate (-83 - -102) + -44 + 13.
-12
Evaluate 4 + 4 + (10 - (-9 + 9 - 4)).
22
4 + (30 - 28) - (3 + 0)
3
Calculate 20 + -10 - (11 - 0).
-1
What is 9 - 1 - (-1 - (-5 - 0 - -4))?
8
What is 2 + -36 - (-4 - 4) - -10?
-16
-27 + (13 - (3 + -18 + 16))
-15
What is the value of (76 - 98) + (-2 - (-6 - -1))?
-19
What is the value of -20 + 41 + -52 - -26?
-5
Calculate (21 - (-1 - 1)) + -8 + (3 - 4).
14
What is the value of -9 - (-18 + 12 - 10)?
7
What is the value of 7 + 16 + 2 + -9 + -18 + 6?
4
Calculate -10 + 4 + 0 + (-128 - -136).
2
(0 - -4) + 17 + -29
-8
Calculate 23 + (-8 + (-3 - -22) + -4 - 11).
19
What is the value of 12 + ((-1 - 7) + 9 - 11)?
2
What is the value of 3 + -4 + 6 + 17 + -11 - -12?
23
Calculate 15 + (3 - (10 + 5)) + 14.
17
What is 1 + -6 - (11 + -16 + -8) - 4?
4
What is the value of (-8 + 38 - 23) + 1?
8
Evaluate 8 - (11 + 6 + -4).
-5
Calculate -3 + -1 + (-3 + 9 - -33) + -12.
23
What is (23 - 3) + -80 + 55 + 4?
-1
What is the value of 2 + 1 + 7 + (-18 - -4) + 6?
2
4 + 28 - (6 + 3 - 1)
24
Evaluate (15 - -10 - 14) + (-13 - -2).
0
-2 - 2 - (29 + -15 - 8)
-10
-192 + 185 + (0 - -1) + 0 + -7
-13
Calculate 25 + -2 + (0 - -8) + (8 - 20).
19
Evaluate (8 - 13) + (-5 + 1 - (-2 - 2)).
-5
Calculate -4 - (7 + (-11 - -2) + 1).
-3
Calculate 24 + -23 - (-2 - 7 - -2).
8
What is the value of (2 - 9) + (-12 - (-5 + 3))?
-17
11 - -8 - (4 + -15)
30
What is the value of 18 - ((-3 - -17) + -13)?
17
What is the value of 25 + (82 + -87 - (-1 - 0))?
21
Evaluate 3 - -10 - (2 + 1 - (-16 - -17)).
11
What is -4 - (-13 + 0) - (-8 + 21)?
-4
What is the value of -7 + (-4 - (-22 - -11)) + 10 + 2?
12
What is the value of (4 + 7 - (11 - 15)) + -10?
5
(-7 - -3 - (16 - 17) - 5) + 11
3
What is (-2 - 2 - 2) + (-242 - -236)?
-12
Calculate -2 + 3 - (-20 + 35 + 7 + -2).
-19
What is the value of -1 - (3 + 2) - (2 - 0)?
-8
What is (-34 - -28) + (-1 - -11) - -9?
13
Evaluate (-21 - -46) + 3 + -56.
-28
What is the value of (1 - 8) + 50 + -7 + -39?
-3
Evaluate 21 + 0 + -54 - -56.
23
What is the value of 5 + 3 - (-1 + 1 + (13 - 13))?
8
What is (-61 - 1) + 29 - -16 - (1 + 3)?
-21
Calculate 37 + -15 + -54 + 12.
-20
(-1 + 2 - 1) + (5 - (1 - 1))
5
What is the value of 0 - 0 - -32 - (838 + -846)?
40
What is 0 + 5 + (-32 - (45 + -63))?
-9
What is (0 - 1) + (3 - -4) + -3?
3
What is the value of -13 + -1 + -2 + -143 + 149 + -6?
-16
What is the value of -8 + -10 + 11 + 8?
1
Evaluate -8 - (-14 - -14) - -4 - -21.
17
Evaluate -17 - 17 - (0 - 50).
16
What is the value of (-2 + -3 + 8 - -2) + -5?
0
Calculate -14 + (9 - -2) - (4 - -7 - -7).
-21
Calculate (6 - 5) + 8 + -3 + -28.
-22
What is 7 - (1 + (-1 - -1)) - (52 - 42)?
-4
What is 0 + -4 + 3 + (7 + -6 - -9)?
9
What is the value of -18 - 4 - (13 - (-11 + 29))?
-17
Calculate (-3 - -6) + 3 - -2 - (18 + -8).
-2
What is (7 + 3 - 8) + (3 - -5)?
10
What is -7 - ((52 - 49) + (-36 - (8 + -3)))?
31
What is the value of 21 - 10 - (-3 + -7 - 3)?
24
What is 47 + -57 + (3 - 10) + (-4 - 0)?
-21
Evaluate -5 - (-6 - (14 - 7 - 3) - -7).
-2
What is the value of -9 + 16 - ((-6 - -7 - 5) + 13)?
-2
(-8 - ((-5 - -5) + -7)) + (-9 - -2)
-8
(44 + -18 - (4 + -2)) + -12
12
What is the value of (36 - 30) + -3 + 1 - 9?
-5
Calculate -14 + -9 - (-75 - -54).
-2
What is 6 + (31 - 14) + -9 + 1?
15
Calculate -6 + 21 + 0 + 1 + 1 + -4.
13
What is the value of -244 + 276 + (-33 - -5)?
4
Calculate -3 - 0 - -12 - (-20 - -29).
0
Evaluate (4 + -4 - 12) + (7 - 4 - 0).
-9
What is the value of 14 + 5 - (2 - (-7 - 3 - -20))?
27
What is 8 - (22 - 9) - (0 + -5)?
0
What is the value of 14 + (-2 - 4 - (21 + -20)) + -1?
6
27 + -53 + 6 + (-4 - -8)
-16
What is the value of 1 + (-5 - -9) - 25 - -11?
-9
What is the value of -2 + 7 - (-9 + -9 + 12 - -1)?
10
What is the value